w. Suppose -y = y. Let r be j(y). What is the highest common divisor of 5 and r?
1
Let s(c) = 3*c**2 - 5*c + 2. Let o be s(2). What is the highest common factor of 4 and o?
4
Suppose 0 = d + 19*g - 15*g - 36, 144 = 4*d - 5*g. What is the greatest common factor of d and 54?
18
Suppose -n - 4*u + 14 = -2*u, -5*n + 102 = 2*u. Calculate the highest common divisor of n and 33.
11
Let q be ((-4)/4)/((-1)/4). Suppose 2*v - 5*c - 139 = 0, -q*v + 4*c + 142 = -2*v. Calculate the greatest common divisor of 7 and v.
7
Let u(w) = 6 - w**2 + 0*w**2 + w**3 - 8. Let t be u(2). Calculate the highest common divisor of t and 10.
2
Let y = 36 - 27. Let q(w) = 19*w**3 + 2*w**2 + 2*w - 2. Let c be q(2). Suppose 3*j - c = j. What is the highest common divisor of j and y?
9
Let n be ((-712)/2 - 4)*(-4)/5. What is the highest common divisor of n and 36?
36
Let s(u) = 39*u - 10. Let l be s(2). What is the highest common divisor of l and 34?
34
Suppose 5*t = -3*d + 1 + 113, t + d = 24. Let r be (t/2)/(7/70). Calculate the highest common factor of r and 15.
15
Suppose 4*c + 4 + 12 = 0, 4*c = 3*z - 25. What is the highest common factor of z and 3?
3
Let a(p) = -3*p - 2. Let s be a(-2). Suppose 3*d = -16 - 5. Let j = 15 + d. Calculate the highest common divisor of j and s.
4
Suppose -l - 17 = -5*v + 5, 3*l - 5*v = -16. Suppose -r - 30 = -3*r. Calculate the greatest common factor of l and r.
3
Let w(x) = -12*x - 12. Let a be w(-15). Suppose -2*y + 43 + 5 = 0. What is the greatest common factor of a and y?
24
Let u be 25*4/(20/9). Calculate the highest common divisor of 180 and u.
45
Let j(t) = -t**2 - t + 1. Let m(c) = -108*c**3 - 1. Let u(h) = j(h) + m(h). Let n be u(-1). Let v = 40 + -28. Calculate the highest common factor of v and n.
12
Let j = -7 - 12. Let o = j - -28. Calculate the highest common divisor of 81 and o.
9
Let r = 72 - 64. Let b be -1 - (1 - (0 - -1)). Let v be 0 - (1 + b + -1). Calculate the highest common factor of v and r.
1
Let j be ((-84)/(-3) - 0) + -2. Let z be (-162)/9 + -1 + 1. Let w = z + j. What is the highest common divisor of 40 and w?
8
Let z = -53 - -149. Calculate the highest common factor of z and 12.
12
Let g = 66 + -42. What is the greatest common factor of 12 and g?
12
Let u be (14/(-4) - 1)*-4. What is the greatest common factor of u and 198?
18
Suppose 2*z - 2 = 5*j - j, 3*j + 3 = 2*z. Suppose b = -z*g + 2, -4*b + 3*g + 4 = -2*b. Calculate the greatest common factor of b and 5.
1
Let v(a) = 2*a**3 - 14*a**2 + 2*a - 3. Let w be v(7). What is the greatest common factor of 11 and w?
11
Suppose -2*x + 288 + 52 = 0. Suppose 4*t = 562 - x. Suppose 0 = -5*g + 3*k + 64, -5*g - 5*k = -2*k - 76. What is the highest common factor of t and g?
14
Suppose -3*s - 3*w + 51 = 0, 0 = 5*s + 2*w - w - 81. What is the greatest common divisor of 16 and s?
16
Suppose -3*k - 2*f + 2 = 3, -7 = k + 2*f. Suppose 3*a - 7 - 5 = 3*x, -a = k*x + 8. Suppose a - 13 = -s. Calculate the greatest common divisor of 3 and s.
3
Suppose -4*l = 4*a, 3*l = 2*a - 0*a + 10. Let w be ((-6)/(-4) - l)*-90. Let y be ((-2)/(-4))/(2/36). What is the greatest common divisor of w and y?
9
Let b be (-36)/(-6) + -1 + 4. Let d = 15 - b. Suppose s - 2*q - 54 = 2*q, -5*s - 2*q + 204 = 0. What is the highest common divisor of s and d?
6
Let r be 246/10 - 22/(-55). Calculate the greatest common factor of 5 and r.
5
Let m(o) = o**3 - 10*o**2 - 7*o - 6. Let n be m(12). Calculate the greatest common factor of 132 and n.
66
Suppose -5*c + c = 5*w + 176, -4*w = -2*c + 146. Let z be ((-6)/(-9))/((-2)/w). What is the greatest common factor of z and 30?
6
Suppose -4*m = -2*h - 4 - 6, -2*m - 5*h + 11 = 0. Suppose m*j + j = 120. What is the greatest common divisor of j and 20?
10
Suppose 0 = 4*n - 2*t - 40, -31 = -3*n + 2*t - t. What is the highest common divisor of n and 121?
11
Let s(v) = -8*v + 2 + 6*v + 4. Let q be s(-9). What is the highest common factor of q and 16?
8
Let m = 8 + -6. Suppose -3*a = -m*a - 3. Let p(q) = -q**2 + 4*q - 1. Let t be p(a). What is the greatest common factor of t and 2?
2
Suppose a - 4*c + 2*c = 26, -c = -a + 24. Let u be 43 + (-3 - -1) + 3. Calculate the highest common divisor of u and a.
22
Suppose 3*n - 102 = -3*m, 0*m + 104 = 3*n + 5*m. Calculate the greatest common divisor of n and 22.
11
Suppose -8*k - 54 = -222. What is the greatest common divisor of k and 7?
7
Let f(q) = 14*q**2 - 4*q - 4. Let t be f(-2). Suppose -5 + 65 = 5*c + p, -5*c + t = 4*p. Calculate the highest common factor of c and 24.
12
Let z be 1/3 + (-8)/(-12). Let l be z/(-1) + 32 + 2. Calculate the greatest common divisor of 3 and l.
3
Let d be (-3)/(-12) - (-23)/4. Suppose 0 = -5*i + 15. Suppose -x + i*x = 132. What is the highest common divisor of d and x?
6
Let h be (6/5)/((-1)/5). Let m(w) = -w - 1. Let g(n) = -4*n - 7. Let c(j) = g(j) - 3*m(j). Let u be c(h). What is the highest common factor of 8 and u?
2
Suppose 5*d + 2*w - 190 = 0, d - 48 = -2*w - 10. Suppose -15 = -3*n + 5*t, 5*t + 13 = -5*n + d. What is the greatest common divisor of 35 and n?
5
Let z = 13 - -23. Calculate the highest common factor of z and 24.
12
Suppose -30 = -4*w - w. Let o be 3/w + 189/(-2). Let i = -66 - o. What is the highest common factor of i and 4?
4
Let v = 5 - 6. Let z be v + 0 + 27 + -2. Let i be 49/6 - 4/z. What is the highest common divisor of 20 and i?
4
Suppose -m - 20 = -5*m. Suppose -19 - 36 = -m*u. Suppose -u = -2*f + c, f - 5*c = 2*f. What is the greatest common divisor of f and 5?
5
Suppose -4*n + n + 15 = 0. Suppose 0 = 2*s, 3 - 14 = -w + n*s. Let r = -78 - -199. Calculate the highest common factor of r and w.
11
Suppose 4*h - 2105 = 943. Let a be (-2)/5 + h/30. Calculate the highest common divisor of a and 5.
5
Let j be (-172)/(-16) + 6/(-8). What is the highest common factor of 110 and j?
10
Suppose -3 = -t + 11. Suppose 0*d - t = -d. Suppose 0 = -3*s + 5*f + 26, -2*s + 16 = -4*s - 5*f. What is the greatest common factor of s and d?
2
Let i be 3/1 + -12 + 1. Let l be (-2)/i - 570/(-24). Calculate the greatest common factor of 6 and l.
6
Let v = -106 + 121. Calculate the greatest common divisor of v and 35.
5
Let o be (18 + -25)/((-1)/1). Calculate the greatest common divisor of o and 28.
7
Let l = -20 + 29. Calculate the highest common divisor of l and 18.
9
Let f = 115 + -34. Let p(r) = r**2 + 9*r + 9. Suppose -23 = 3*u + 4*t, -t = -2*u - 3*t - 16. Let a be p(u). Calculate the greatest common divisor of a and f.
9
Let t be ((-2)/3)/(2/(-6)). Let m be ((-7)/(-1) - -3) + t. Calculate the highest common divisor of 60 and m.
12
Let q be (-4)/(1/(22/(-4))). Calculate the greatest common divisor of q and 33.
11
Let q = 250 - 154. What is the greatest common divisor of 64 and q?
32
Let w(x) = x**2 + 14*x + 10. Let l be w(-16). Calculate the greatest common factor of l and 105.
21
Let y(r) = -r - 6. Let i be y(-7). Let q be 15 - ((1 - 0) + i). Let z = q - 5. Calculate the highest common divisor of 12 and z.
4
Suppose 2*i + 3*i - 5*r - 65 = 0, 0 = 3*i + 3*r - 63. Calculate the highest common factor of 51 and i.
17
Suppose 4*y - 480 = -5*m, -512 = -4*y - 4*m - 32. Calculate the greatest common factor of 15 and y.
15
Let u be 2/(-10) - (-756)/5. Suppose -n - 34 = -u. Let y be 12 - ((-2)/1)/2. Calculate the greatest common factor of n and y.
13
Suppose -2*x + 105 = -417. Let d(c) = 3*c**2 + 18*c + 8. Let p be d(-7). What is the greatest common divisor of x and p?
29
Suppose 2*s - 3*g - 20 = 0, 4*g + 16 + 14 = 3*s. Calculate the highest common factor of 90 and s.
10
Let m(t) = t**3 - 9*t**2 + 8*t + 1. Let z be m(8). What is the greatest common factor of z and 3?
1
Let h = 16 + 4. Calculate the highest common factor of 200 and h.
20
Suppose 3*o = 4*o. Let g be o/4 - (-63 - 0). What is the highest common factor of 42 and g?
21
Suppose 6 = -0*s + 2*s. Let x be (-1 + -2)/s + 10. What is the greatest common factor of x and 9?
9
Let j be -1*52/8*2/(-1). Calculate the greatest common factor of 65 and j.
13
Suppose 7 - 457 = -5*h. What is the greatest common factor of h and 10?
10
Suppose 3*a - 5*r - 31 = 134, 3*r = 2*a - 110. What is the greatest common factor of a and 22?
11
Let b(h) = -h**3 + 10*h**2 + 13*h - 16. Let g be b(11). Let j = -72 - -32. Let c be j/(-7) - 4/(-14). What is the highest common diviso